{"id":513,"date":"2018-10-01T15:49:19","date_gmt":"2018-10-01T18:49:19","guid":{"rendered":"http:\/\/operanatela.com\/2018\/?page_id=513"},"modified":"2024-11-12T11:38:26","modified_gmt":"2024-11-12T14:38:26","slug":"acoes-educativas","status":"publish","type":"page","link":"https:\/\/operanatela.com\/2024\/acoes-educativas\/","title":{"rendered":"A\u00e7\u00f5es educativas"},"content":{"rendered":"<p><span style=\"font-size: 14pt;\"><strong>INICIAC\u0327A\u0303O A\u0300 O\u0301PERA<\/strong><\/span><\/p>\n<p>O que e\u0301 o\u0301pera? Por que e\u0301 uma obra de arte total? Como surgiu? E o que ela representa nos dias de hoje? Existem novas o\u0301peras ou somente aquelas que foram compostas no passado? Como posso gostar de o\u0301pera? Sa\u0303o perguntas inevita\u0301veis para um pu\u0301blico jovem acostumado a diferentes expresso\u0303es arti\u0301sticas desenvolvidas atrave\u0301s de novas mi\u0301dias que resultaram em toda a evoluc\u0327a\u0303o tecnolo\u0301gica dos u\u0301ltimos cem anos, principalmente o cinema.<\/p>\n<p>O Festival O\u0301pera na Tela, a cada ano, desde sua criac\u0327a\u0303o, incentiva a formac\u0327a\u0303o de novas plateias e propo\u0303e ac\u0327o\u0303es educativas para crianc\u0327as e jovens, convidando escolas e ONGs para uma experie\u0302ncia singular com a o\u0301pera.<\/p>\n<p>Este ano sa\u0303o organizadas sesso\u0303es de iniciac\u0327a\u0303o a\u0300 o\u0301pera no cinema, ministradas pelo professor e musico\u0301logo Rodolfo Valverde. Essa experie\u0302ncia sera\u0301 complementada com a entrega de um caderno, para professores e estudantes, cujo conteu\u0301do e\u0301 relacionado aos aspectos abordados durante as sesso\u0303es.<\/p>\n<p>Agradecemos o professor Rodolfo Valverde e as parcerias do Centro Cultural Banco do Brasil e do cinema Estac\u0327a\u0303o Net Botafogo.<\/p>\n<hr \/>\n<p><span style=\"font-size: 14pt;\"><strong>S\u00c3O PAULO<\/strong><\/span><\/p>\n<p><b>Sala do Conservat\u00f3rio &#8211; Pra\u00e7a das artes<\/b><br \/>\n<span style=\"font-size: 14pt;\">27\/11 e 28\/11 <\/span><span style=\"font-size: 14pt;\">das 10h \u00e0s 12h<\/span><br \/>\ncom visita do Teatro<\/p>\n<p>&nbsp;<\/p>\n<p><span style=\"font-size: 14pt;\"><strong>RIO DE JANEIRO<\/strong><\/span><\/p>\n<p><strong>Esta\u00e7\u00e3o NET- Botafogo<\/strong><br \/>\n<span style=\"font-size: 14pt;\">03\/12 das 10h \u00e0s 12h<\/span><\/p>\n<p><strong>Centro Cultural Banco do Brasil<\/strong><br \/>\n<span style=\"font-size: 14pt;\">04 e 05\/12 das 10h \u00e0s 12h<\/span><\/p>\n","protected":false},"excerpt":{"rendered":"<p>INICIAC\u0327A\u0303O A\u0300 O\u0301PERA O que e\u0301 o\u0301pera? Por que e\u0301 uma obra de arte total? Como surgiu? E o que ela representa nos dias de hoje? Existem novas o\u0301peras ou somente aquelas que foram compostas no passado? Como posso gostar de o\u0301pera? Sa\u0303o perguntas inevita\u0301veis para um pu\u0301blico jovem acostumado a diferentes expresso\u0303es arti\u0301sticas desenvolvidas &hellip;<\/p>\n","protected":false},"author":1,"featured_media":0,"parent":0,"menu_order":0,"comment_status":"closed","ping_status":"closed","template":"","meta":{"_acf_changed":false,"footnotes":""},"class_list":["post-513","page","type-page","status-publish","hentry"],"acf":[],"yoast_head":"<!-- This site is optimized with the Yoast SEO plugin v27.3 - https:\/\/yoast.com\/product\/yoast-seo-wordpress\/ -->\n<title>A\u00e7\u00f5es educativas - \u00d3pera na tela 2024<\/title>\n<meta name=\"robots\" content=\"index, follow, max-snippet:-1, max-image-preview:large, max-video-preview:-1\" \/>\n<link rel=\"canonical\" href=\"https:\/\/operanatela.com\/2024\/acoes-educativas\/\" \/>\n<meta property=\"og:locale\" content=\"pt_BR\" \/>\n<meta property=\"og:type\" content=\"article\" \/>\n<meta property=\"og:title\" content=\"A\u00e7\u00f5es educativas - \u00d3pera na tela 2024\" \/>\n<meta property=\"og:description\" content=\"INICIAC\u0327A\u0303O A\u0300 O\u0301PERA O que e\u0301 o\u0301pera? Por que e\u0301 uma obra de arte total? Como surgiu? E o que ela representa nos dias de hoje? Existem novas o\u0301peras ou somente aquelas que foram compostas no passado? Como posso gostar de o\u0301pera? Sa\u0303o perguntas inevita\u0301veis para um pu\u0301blico jovem acostumado a diferentes expresso\u0303es arti\u0301sticas desenvolvidas &hellip;\" \/>\n<meta property=\"og:url\" content=\"https:\/\/operanatela.com\/2024\/acoes-educativas\/\" \/>\n<meta property=\"og:site_name\" content=\"\u00d3pera na tela 2024\" \/>\n<meta property=\"article:modified_time\" content=\"2024-11-12T14:38:26+00:00\" \/>\n<meta name=\"twitter:card\" content=\"summary_large_image\" \/>\n<meta name=\"twitter:label1\" content=\"Est. tempo de leitura\" \/>\n\t<meta name=\"twitter:data1\" content=\"2 minutos\" \/>\n<script type=\"application\/ld+json\" class=\"yoast-schema-graph\">{\"@context\":\"https:\\\/\\\/schema.org\",\"@graph\":[{\"@type\":\"WebPage\",\"@id\":\"https:\\\/\\\/operanatela.com\\\/2024\\\/acoes-educativas\\\/\",\"url\":\"https:\\\/\\\/operanatela.com\\\/2024\\\/acoes-educativas\\\/\",\"name\":\"A\u00e7\u00f5es educativas - \u00d3pera na tela 2024\",\"isPartOf\":{\"@id\":\"https:\\\/\\\/operanatela.com\\\/2024\\\/#website\"},\"datePublished\":\"2018-10-01T18:49:19+00:00\",\"dateModified\":\"2024-11-12T14:38:26+00:00\",\"breadcrumb\":{\"@id\":\"https:\\\/\\\/operanatela.com\\\/2024\\\/acoes-educativas\\\/#breadcrumb\"},\"inLanguage\":\"pt-BR\",\"potentialAction\":[{\"@type\":\"ReadAction\",\"target\":[\"https:\\\/\\\/operanatela.com\\\/2024\\\/acoes-educativas\\\/\"]}]},{\"@type\":\"BreadcrumbList\",\"@id\":\"https:\\\/\\\/operanatela.com\\\/2024\\\/acoes-educativas\\\/#breadcrumb\",\"itemListElement\":[{\"@type\":\"ListItem\",\"position\":1,\"name\":\"In\u00edcio\",\"item\":\"https:\\\/\\\/operanatela.com\\\/2024\\\/\"},{\"@type\":\"ListItem\",\"position\":2,\"name\":\"A\u00e7\u00f5es educativas\"}]},{\"@type\":\"WebSite\",\"@id\":\"https:\\\/\\\/operanatela.com\\\/2024\\\/#website\",\"url\":\"https:\\\/\\\/operanatela.com\\\/2024\\\/\",\"name\":\"\u00d3pera na tela 2024\",\"description\":\"O Festival\u00a0\u00d3pera na Tela 2024 proporciona ao p\u00fablico a experi\u00eancia de assistir \u00e0s montagens mais grandiosas da \u00f3pera em tela gigante, com alta qualidade de som e imagem, cadeiras confort\u00e1veis e pre\u00e7os acess\u00edveis.\",\"potentialAction\":[{\"@type\":\"SearchAction\",\"target\":{\"@type\":\"EntryPoint\",\"urlTemplate\":\"https:\\\/\\\/operanatela.com\\\/2024\\\/?s={search_term_string}\"},\"query-input\":{\"@type\":\"PropertyValueSpecification\",\"valueRequired\":true,\"valueName\":\"search_term_string\"}}],\"inLanguage\":\"pt-BR\"}]}<\/script>\n<!-- \/ Yoast SEO plugin. -->","yoast_head_json":{"title":"A\u00e7\u00f5es educativas - \u00d3pera na tela 2024","robots":{"index":"index","follow":"follow","max-snippet":"max-snippet:-1","max-image-preview":"max-image-preview:large","max-video-preview":"max-video-preview:-1"},"canonical":"https:\/\/operanatela.com\/2024\/acoes-educativas\/","og_locale":"pt_BR","og_type":"article","og_title":"A\u00e7\u00f5es educativas - \u00d3pera na tela 2024","og_description":"INICIAC\u0327A\u0303O A\u0300 O\u0301PERA O que e\u0301 o\u0301pera? Por que e\u0301 uma obra de arte total? Como surgiu? E o que ela representa nos dias de hoje? Existem novas o\u0301peras ou somente aquelas que foram compostas no passado? Como posso gostar de o\u0301pera? Sa\u0303o perguntas inevita\u0301veis para um pu\u0301blico jovem acostumado a diferentes expresso\u0303es arti\u0301sticas desenvolvidas &hellip;","og_url":"https:\/\/operanatela.com\/2024\/acoes-educativas\/","og_site_name":"\u00d3pera na tela 2024","article_modified_time":"2024-11-12T14:38:26+00:00","twitter_card":"summary_large_image","twitter_misc":{"Est. tempo de leitura":"2 minutos"},"schema":{"@context":"https:\/\/schema.org","@graph":[{"@type":"WebPage","@id":"https:\/\/operanatela.com\/2024\/acoes-educativas\/","url":"https:\/\/operanatela.com\/2024\/acoes-educativas\/","name":"A\u00e7\u00f5es educativas - \u00d3pera na tela 2024","isPartOf":{"@id":"https:\/\/operanatela.com\/2024\/#website"},"datePublished":"2018-10-01T18:49:19+00:00","dateModified":"2024-11-12T14:38:26+00:00","breadcrumb":{"@id":"https:\/\/operanatela.com\/2024\/acoes-educativas\/#breadcrumb"},"inLanguage":"pt-BR","potentialAction":[{"@type":"ReadAction","target":["https:\/\/operanatela.com\/2024\/acoes-educativas\/"]}]},{"@type":"BreadcrumbList","@id":"https:\/\/operanatela.com\/2024\/acoes-educativas\/#breadcrumb","itemListElement":[{"@type":"ListItem","position":1,"name":"In\u00edcio","item":"https:\/\/operanatela.com\/2024\/"},{"@type":"ListItem","position":2,"name":"A\u00e7\u00f5es educativas"}]},{"@type":"WebSite","@id":"https:\/\/operanatela.com\/2024\/#website","url":"https:\/\/operanatela.com\/2024\/","name":"\u00d3pera na tela 2024","description":"O Festival\u00a0\u00d3pera na Tela 2024 proporciona ao p\u00fablico a experi\u00eancia de assistir \u00e0s montagens mais grandiosas da \u00f3pera em tela gigante, com alta qualidade de som e imagem, cadeiras confort\u00e1veis e pre\u00e7os acess\u00edveis.","potentialAction":[{"@type":"SearchAction","target":{"@type":"EntryPoint","urlTemplate":"https:\/\/operanatela.com\/2024\/?s={search_term_string}"},"query-input":{"@type":"PropertyValueSpecification","valueRequired":true,"valueName":"search_term_string"}}],"inLanguage":"pt-BR"}]}},"_links":{"self":[{"href":"https:\/\/operanatela.com\/2024\/wp-json\/wp\/v2\/pages\/513","targetHints":{"allow":["GET"]}}],"collection":[{"href":"https:\/\/operanatela.com\/2024\/wp-json\/wp\/v2\/pages"}],"about":[{"href":"https:\/\/operanatela.com\/2024\/wp-json\/wp\/v2\/types\/page"}],"author":[{"embeddable":true,"href":"https:\/\/operanatela.com\/2024\/wp-json\/wp\/v2\/users\/1"}],"replies":[{"embeddable":true,"href":"https:\/\/operanatela.com\/2024\/wp-json\/wp\/v2\/comments?post=513"}],"version-history":[{"count":7,"href":"https:\/\/operanatela.com\/2024\/wp-json\/wp\/v2\/pages\/513\/revisions"}],"predecessor-version":[{"id":4510,"href":"https:\/\/operanatela.com\/2024\/wp-json\/wp\/v2\/pages\/513\/revisions\/4510"}],"wp:attachment":[{"href":"https:\/\/operanatela.com\/2024\/wp-json\/wp\/v2\/media?parent=513"}],"curies":[{"name":"wp","href":"https:\/\/api.w.org\/{rel}","templated":true}]}}