{"id":507,"date":"2018-10-01T12:37:17","date_gmt":"2018-10-01T15:37:17","guid":{"rendered":"http:\/\/operanatela.com\/2018\/?page_id=507"},"modified":"2024-11-16T14:18:08","modified_gmt":"2024-11-16T17:18:08","slug":"masterclass","status":"publish","type":"page","link":"https:\/\/operanatela.com\/2024\/masterclass\/","title":{"rendered":"Masterclass"},"content":{"rendered":"<p><b><span data-contrast=\"none\">MASTERCLASS DE CANTO LIRICO<\/span><\/b><span data-ccp-props=\"{&quot;335557856&quot;:16777215,&quot;335559738&quot;:1}\">\u00a0<\/span><\/p>\n<p><span data-ccp-props=\"{&quot;335557856&quot;:16777215,&quot;335559738&quot;:1}\">\u00a0<\/span><span data-contrast=\"none\">A masterclass tem como objetivo proporcionar a <\/span><b><span data-contrast=\"none\">cantores l\u00edricos e pianistas profissionais<\/span><\/b><span data-contrast=\"none\"> brasileiros a oportunidade de aprimorar suas habilidades com um renomado artista vindo de grandes trabalhos na Europa.<\/span><span data-ccp-props=\"{&quot;335551550&quot;:6,&quot;335551620&quot;:6,&quot;335557856&quot;:16777215,&quot;335559685&quot;:101,&quot;335559737&quot;:104}\">\u00a0<\/span><\/p>\n<p><span data-ccp-props=\"{&quot;335551550&quot;:6,&quot;335551620&quot;:6,&quot;335557856&quot;:16777215,&quot;335559685&quot;:101,&quot;335559737&quot;:104}\">\u00a0<\/span><\/p>\n<h2><b><span data-contrast=\"none\">Rio de Janeiro<\/span><\/b><span data-ccp-props=\"{&quot;335551550&quot;:6,&quot;335551620&quot;:6}\">\u00a0<\/span><\/h2>\n<p><span data-contrast=\"none\">21\/11 &#8211; 29\/11<\/span><span data-contrast=\"none\">\u00a0<\/span><span data-ccp-props=\"{&quot;335551550&quot;:6,&quot;335551620&quot;:6}\">\u00a0<\/span><\/p>\n<p><b>INSTITUTO ITALIANO DE CULTURA<\/b><\/p>\n<p><span data-contrast=\"none\">A masterclass ser\u00e1 ministrada pela professora e diretora <\/span><b><span data-contrast=\"none\">Eleonora Pacetti,\u00a0 <\/span><\/b><span data-contrast=\"none\">acompanhada pelo pianista<\/span><b><span data-contrast=\"none\"> Murilo Emerenciano. <\/span><\/b><span data-contrast=\"none\">Eleonora possui quinze anos de experi\u00eancia na dire\u00e7\u00e3o de distribui\u00e7\u00f5es e academias em \u00f3peras de renome internacional. Especializada no acompanhamento profissional de jovens artistas, e<\/span><span data-contrast=\"none\">la foi diretora do Young Artist Program da \u00d3pera de Roma. <\/span><span data-contrast=\"none\">Professora na Op\u00e9raOff, suas aulas ocorrem em Paris, na Maison de l\u2019Italie (Cit\u00e9 Universitaire), em Portugal, para o \u201cFerramentas \u00d3pera\u201d, e na It\u00e1lia para a Accademia del Maggio Musicale Fiorentino, a Acad\u00e9mie Boris Christoff e a Acad\u00e9mie Internationale de Osimo.<\/span><span data-ccp-props=\"{&quot;335551550&quot;:6,&quot;335551620&quot;:6,&quot;335557856&quot;:16777215,&quot;335559737&quot;:100}\">\u00a0<\/span><\/p>\n<p><span data-ccp-props=\"{&quot;335551550&quot;:6,&quot;335551620&quot;:6,&quot;335557856&quot;:16777215,&quot;335559737&quot;:100}\">\u00a0<\/span><\/p>\n<div id='gallery-1' class='gallery galleryid-507 gallery-columns-2 gallery-size-medium'><figure class='gallery-item'>\n\t\t\t<div class='gallery-icon portrait'>\n\t\t\t\t<a href='https:\/\/operanatela.com\/2024\/wp-content\/uploads\/2024\/11\/Eleonora-Pacetti2.jpg' rel=\"lightbox[gallery-0]\"><img loading=\"lazy\" decoding=\"async\" width=\"240\" height=\"300\" src=\"https:\/\/operanatela.com\/2024\/wp-content\/uploads\/2024\/11\/Eleonora-Pacetti2-240x300.jpg\" class=\"attachment-medium size-medium\" alt=\"\" aria-describedby=\"gallery-1-4374\" srcset=\"https:\/\/operanatela.com\/2024\/wp-content\/uploads\/2024\/11\/Eleonora-Pacetti2-240x300.jpg 240w, https:\/\/operanatela.com\/2024\/wp-content\/uploads\/2024\/11\/Eleonora-Pacetti2-819x1024.jpg 819w, https:\/\/operanatela.com\/2024\/wp-content\/uploads\/2024\/11\/Eleonora-Pacetti2-768x960.jpg 768w, https:\/\/operanatela.com\/2024\/wp-content\/uploads\/2024\/11\/Eleonora-Pacetti2.jpg 1000w\" sizes=\"auto, (max-width: 240px) 100vw, 240px\" \/><\/a>\n\t\t\t<\/div>\n\t\t\t\t<figcaption class='wp-caption-text gallery-caption' id='gallery-1-4374'>\n\t\t\t\tEleonora Pacetti\n\t\t\t\t<\/figcaption><\/figure><figure class='gallery-item'>\n\t\t\t<div class='gallery-icon portrait'>\n\t\t\t\t<a href='https:\/\/operanatela.com\/2024\/wp-content\/uploads\/2024\/11\/Murilo.jpg' rel=\"lightbox[gallery-0]\"><img loading=\"lazy\" decoding=\"async\" width=\"240\" height=\"300\" src=\"https:\/\/operanatela.com\/2024\/wp-content\/uploads\/2024\/11\/Murilo-240x300.jpg\" class=\"attachment-medium size-medium\" alt=\"\" aria-describedby=\"gallery-1-4371\" srcset=\"https:\/\/operanatela.com\/2024\/wp-content\/uploads\/2024\/11\/Murilo-240x300.jpg 240w, https:\/\/operanatela.com\/2024\/wp-content\/uploads\/2024\/11\/Murilo-819x1024.jpg 819w, https:\/\/operanatela.com\/2024\/wp-content\/uploads\/2024\/11\/Murilo-768x960.jpg 768w, https:\/\/operanatela.com\/2024\/wp-content\/uploads\/2024\/11\/Murilo.jpg 1000w\" sizes=\"auto, (max-width: 240px) 100vw, 240px\" \/><\/a>\n\t\t\t<\/div>\n\t\t\t\t<figcaption class='wp-caption-text gallery-caption' id='gallery-1-4371'>\n\t\t\t\tMurilo Emerenciano\n\t\t\t\t<\/figcaption><\/figure>\n\t\t<\/div>\n\n<hr \/>\n<p>&nbsp;<\/p>\n<h2><b><span data-contrast=\"none\">S\u00e3o Paulo<\/span><\/b><span data-ccp-props=\"{&quot;335551550&quot;:6,&quot;335551620&quot;:6}\">\u00a0<\/span><\/h2>\n<p><span data-contrast=\"none\">25\/11 &#8211; 3\/12<\/span><span data-contrast=\"none\">\u00a0<\/span><span data-ccp-props=\"{&quot;335551550&quot;:6,&quot;335551620&quot;:6}\">\u00a0<\/span><\/p>\n<p><b><span data-contrast=\"none\">CONSERVAT\u00d3RIO BEETHOVEN<\/span><\/b><\/p>\n<figure id=\"attachment_4380\" aria-describedby=\"caption-attachment-4380\" style=\"width: 240px\" class=\"wp-caption alignleft\"><img loading=\"lazy\" decoding=\"async\" class=\"wp-image-4380 size-medium\" src=\"https:\/\/operanatela.com\/2024\/wp-content\/uploads\/2024\/11\/Ramon-Theobald-240x300.jpg\" alt=\"\" width=\"240\" height=\"300\" srcset=\"https:\/\/operanatela.com\/2024\/wp-content\/uploads\/2024\/11\/Ramon-Theobald-240x300.jpg 240w, https:\/\/operanatela.com\/2024\/wp-content\/uploads\/2024\/11\/Ramon-Theobald-819x1024.jpg 819w, https:\/\/operanatela.com\/2024\/wp-content\/uploads\/2024\/11\/Ramon-Theobald-768x960.jpg 768w, https:\/\/operanatela.com\/2024\/wp-content\/uploads\/2024\/11\/Ramon-Theobald.jpg 1000w\" sizes=\"auto, (max-width: 240px) 100vw, 240px\" \/><figcaption id=\"caption-attachment-4380\" class=\"wp-caption-text\">Ramon Theobald<\/figcaption><\/figure>\n<p><span data-contrast=\"auto\">Masterclass <\/span><span data-contrast=\"none\">ministrada pelo maestro e pianista <\/span><b><span data-contrast=\"none\">Ramon Theobald<\/span><\/b><span data-contrast=\"none\">, bacharel em Piano pela Escola de M\u00fasica da Universidade Federal do Rio de Janeiro. <\/span><span data-contrast=\"none\">Cursou dois per\u00edodos do bacharelado foram cursados na Hochschule f\u00fcr Musik Karlsruhe, na Alemanha, na classe do Prof. Dr. Michael Uhde, atrav\u00e9s de uma bolsa de estudos concedida por parceria entre CAPES e DAAD<\/span><span data-contrast=\"none\">. Ramon integrou a Acad\u00e9mie de l\u2019Op\u00e9ra national de Paris em setembro de 2021.<\/span><span data-ccp-props=\"{&quot;335551550&quot;:6,&quot;335551620&quot;:6,&quot;335557856&quot;:16777215,&quot;335559737&quot;:100}\">\u00a0<\/span><\/p>\n<p><span data-ccp-props=\"{}\">\u00a0<\/span><\/p>\n<p><span data-ccp-props=\"{}\">\u00a0<\/span><\/p>\n<p>&nbsp;<\/p>\n<p>&nbsp;<\/p>\n<p>&nbsp;<\/p>\n<p>&nbsp;<\/p>\n<p>&nbsp;<\/p>\n<hr \/>\n<h3 dir=\"auto\"><b>Selecionados Masterclass Rio de Janeiro<\/b><\/h3>\n<p>Guilherme Moreira<br \/>\nIago Cirino<br \/>\nHigla NOEL<br \/>\nHelena Lopes<br \/>\nJo\u00e3o Campelo<br \/>\nIsabelle Dumalakas<br \/>\nGabriele De Paula<br \/>\nAmanda Ayres<br \/>\nFlavia Gattas<br \/>\nErika Henriques Teles da Silva<br \/>\nRenan Santos PIANISTA<\/p>\n<p>&nbsp;<\/p>\n<p><strong>Suplentes:<\/strong><br \/>\nGabriela Meira<br \/>\nJulianna Musumeci<br \/>\nEstevao Batista<br \/>\nEduardo Barbosa<\/p>\n<hr \/>\n<h3><strong>Selecionados Masterclass S\u00e3o Paulo<\/strong><\/h3>\n<p>Carol Abrantes<br \/>\nRamon Rodrigues Lorete<br \/>\nAna Lu\u00edsa Melo<br \/>\nRenata de S. Ribeiro Bueno<br \/>\n\u00c9der Augusto Prado Rodrigues<br \/>\nAna Carolina Furlan<br \/>\nJulia Coelho Polim<br \/>\nRobert Willian Gomes dos Santos<br \/>\nFl\u00e1via Gatt\u00e1s<br \/>\nAnita Andreotti<br \/>\nJulia Andreotti<\/p>\n","protected":false},"excerpt":{"rendered":"<p>MASTERCLASS DE CANTO LIRICO\u00a0 \u00a0A masterclass tem como objetivo proporcionar a cantores l\u00edricos e pianistas profissionais brasileiros a oportunidade de aprimorar suas habilidades com um renomado artista vindo de grandes trabalhos na Europa.\u00a0 \u00a0 Rio de Janeiro\u00a0 21\/11 &#8211; 29\/11\u00a0\u00a0 INSTITUTO ITALIANO DE CULTURA A masterclass ser\u00e1 ministrada pela professora e diretora Eleonora Pacetti,\u00a0 acompanhada &hellip;<\/p>\n","protected":false},"author":1,"featured_media":0,"parent":0,"menu_order":0,"comment_status":"closed","ping_status":"closed","template":"","meta":{"_acf_changed":false,"footnotes":""},"class_list":["post-507","page","type-page","status-publish","hentry"],"acf":[],"yoast_head":"<!-- This site is optimized with the Yoast SEO plugin v26.2 - https:\/\/yoast.com\/wordpress\/plugins\/seo\/ -->\n<title>Masterclass - \u00d3pera na tela 2024<\/title>\n<meta name=\"robots\" content=\"index, follow, max-snippet:-1, max-image-preview:large, max-video-preview:-1\" \/>\n<link rel=\"canonical\" href=\"https:\/\/operanatela.com\/2024\/masterclass\/\" \/>\n<meta property=\"og:locale\" content=\"pt_BR\" \/>\n<meta property=\"og:type\" content=\"article\" \/>\n<meta property=\"og:title\" content=\"Masterclass - \u00d3pera na tela 2024\" \/>\n<meta property=\"og:description\" content=\"MASTERCLASS DE CANTO LIRICO\u00a0 \u00a0A masterclass tem como objetivo proporcionar a cantores l\u00edricos e pianistas profissionais brasileiros a oportunidade de aprimorar suas habilidades com um renomado artista vindo de grandes trabalhos na Europa.\u00a0 \u00a0 Rio de Janeiro\u00a0 21\/11 &#8211; 29\/11\u00a0\u00a0 INSTITUTO ITALIANO DE CULTURA A masterclass ser\u00e1 ministrada pela professora e diretora Eleonora Pacetti,\u00a0 acompanhada &hellip;\" \/>\n<meta property=\"og:url\" content=\"https:\/\/operanatela.com\/2024\/masterclass\/\" \/>\n<meta property=\"og:site_name\" content=\"\u00d3pera na tela 2024\" \/>\n<meta property=\"article:modified_time\" content=\"2024-11-16T17:18:08+00:00\" \/>\n<meta property=\"og:image\" content=\"https:\/\/operanatela.com\/2024\/wp-content\/uploads\/2024\/11\/Eleonora-Pacetti2-240x300.jpg\" \/>\n<meta name=\"twitter:card\" content=\"summary_large_image\" \/>\n<meta name=\"twitter:label1\" content=\"Est. tempo de leitura\" \/>\n\t<meta name=\"twitter:data1\" content=\"2 minutos\" \/>\n<script type=\"application\/ld+json\" class=\"yoast-schema-graph\">{\"@context\":\"https:\/\/schema.org\",\"@graph\":[{\"@type\":\"WebPage\",\"@id\":\"https:\/\/operanatela.com\/2024\/masterclass\/\",\"url\":\"https:\/\/operanatela.com\/2024\/masterclass\/\",\"name\":\"Masterclass - \u00d3pera na tela 2024\",\"isPartOf\":{\"@id\":\"https:\/\/operanatela.com\/2024\/#website\"},\"primaryImageOfPage\":{\"@id\":\"https:\/\/operanatela.com\/2024\/masterclass\/#primaryimage\"},\"image\":{\"@id\":\"https:\/\/operanatela.com\/2024\/masterclass\/#primaryimage\"},\"thumbnailUrl\":\"https:\/\/operanatela.com\/2024\/wp-content\/uploads\/2024\/11\/Ramon-Theobald-240x300.jpg\",\"datePublished\":\"2018-10-01T15:37:17+00:00\",\"dateModified\":\"2024-11-16T17:18:08+00:00\",\"breadcrumb\":{\"@id\":\"https:\/\/operanatela.com\/2024\/masterclass\/#breadcrumb\"},\"inLanguage\":\"pt-BR\",\"potentialAction\":[{\"@type\":\"ReadAction\",\"target\":[\"https:\/\/operanatela.com\/2024\/masterclass\/\"]}]},{\"@type\":\"ImageObject\",\"inLanguage\":\"pt-BR\",\"@id\":\"https:\/\/operanatela.com\/2024\/masterclass\/#primaryimage\",\"url\":\"https:\/\/operanatela.com\/2024\/wp-content\/uploads\/2024\/11\/Ramon-Theobald.jpg\",\"contentUrl\":\"https:\/\/operanatela.com\/2024\/wp-content\/uploads\/2024\/11\/Ramon-Theobald.jpg\",\"width\":1000,\"height\":1250,\"caption\":\"Ramon-Theobald\"},{\"@type\":\"BreadcrumbList\",\"@id\":\"https:\/\/operanatela.com\/2024\/masterclass\/#breadcrumb\",\"itemListElement\":[{\"@type\":\"ListItem\",\"position\":1,\"name\":\"In\u00edcio\",\"item\":\"https:\/\/operanatela.com\/2024\/\"},{\"@type\":\"ListItem\",\"position\":2,\"name\":\"Masterclass\"}]},{\"@type\":\"WebSite\",\"@id\":\"https:\/\/operanatela.com\/2024\/#website\",\"url\":\"https:\/\/operanatela.com\/2024\/\",\"name\":\"\u00d3pera na tela 2024\",\"description\":\"O Festival\u00a0\u00d3pera na Tela 2024 proporciona ao p\u00fablico a experi\u00eancia de assistir \u00e0s montagens mais grandiosas da \u00f3pera em tela gigante, com alta qualidade de som e imagem, cadeiras confort\u00e1veis e pre\u00e7os acess\u00edveis.\",\"potentialAction\":[{\"@type\":\"SearchAction\",\"target\":{\"@type\":\"EntryPoint\",\"urlTemplate\":\"https:\/\/operanatela.com\/2024\/?s={search_term_string}\"},\"query-input\":{\"@type\":\"PropertyValueSpecification\",\"valueRequired\":true,\"valueName\":\"search_term_string\"}}],\"inLanguage\":\"pt-BR\"}]}<\/script>\n<!-- \/ Yoast SEO plugin. -->","yoast_head_json":{"title":"Masterclass - \u00d3pera na tela 2024","robots":{"index":"index","follow":"follow","max-snippet":"max-snippet:-1","max-image-preview":"max-image-preview:large","max-video-preview":"max-video-preview:-1"},"canonical":"https:\/\/operanatela.com\/2024\/masterclass\/","og_locale":"pt_BR","og_type":"article","og_title":"Masterclass - \u00d3pera na tela 2024","og_description":"MASTERCLASS DE CANTO LIRICO\u00a0 \u00a0A masterclass tem como objetivo proporcionar a cantores l\u00edricos e pianistas profissionais brasileiros a oportunidade de aprimorar suas habilidades com um renomado artista vindo de grandes trabalhos na Europa.\u00a0 \u00a0 Rio de Janeiro\u00a0 21\/11 &#8211; 29\/11\u00a0\u00a0 INSTITUTO ITALIANO DE CULTURA A masterclass ser\u00e1 ministrada pela professora e diretora Eleonora Pacetti,\u00a0 acompanhada &hellip;","og_url":"https:\/\/operanatela.com\/2024\/masterclass\/","og_site_name":"\u00d3pera na tela 2024","article_modified_time":"2024-11-16T17:18:08+00:00","og_image":[{"url":"https:\/\/operanatela.com\/2024\/wp-content\/uploads\/2024\/11\/Eleonora-Pacetti2-240x300.jpg","type":"","width":"","height":""}],"twitter_card":"summary_large_image","twitter_misc":{"Est. tempo de leitura":"2 minutos"},"schema":{"@context":"https:\/\/schema.org","@graph":[{"@type":"WebPage","@id":"https:\/\/operanatela.com\/2024\/masterclass\/","url":"https:\/\/operanatela.com\/2024\/masterclass\/","name":"Masterclass - \u00d3pera na tela 2024","isPartOf":{"@id":"https:\/\/operanatela.com\/2024\/#website"},"primaryImageOfPage":{"@id":"https:\/\/operanatela.com\/2024\/masterclass\/#primaryimage"},"image":{"@id":"https:\/\/operanatela.com\/2024\/masterclass\/#primaryimage"},"thumbnailUrl":"https:\/\/operanatela.com\/2024\/wp-content\/uploads\/2024\/11\/Ramon-Theobald-240x300.jpg","datePublished":"2018-10-01T15:37:17+00:00","dateModified":"2024-11-16T17:18:08+00:00","breadcrumb":{"@id":"https:\/\/operanatela.com\/2024\/masterclass\/#breadcrumb"},"inLanguage":"pt-BR","potentialAction":[{"@type":"ReadAction","target":["https:\/\/operanatela.com\/2024\/masterclass\/"]}]},{"@type":"ImageObject","inLanguage":"pt-BR","@id":"https:\/\/operanatela.com\/2024\/masterclass\/#primaryimage","url":"https:\/\/operanatela.com\/2024\/wp-content\/uploads\/2024\/11\/Ramon-Theobald.jpg","contentUrl":"https:\/\/operanatela.com\/2024\/wp-content\/uploads\/2024\/11\/Ramon-Theobald.jpg","width":1000,"height":1250,"caption":"Ramon-Theobald"},{"@type":"BreadcrumbList","@id":"https:\/\/operanatela.com\/2024\/masterclass\/#breadcrumb","itemListElement":[{"@type":"ListItem","position":1,"name":"In\u00edcio","item":"https:\/\/operanatela.com\/2024\/"},{"@type":"ListItem","position":2,"name":"Masterclass"}]},{"@type":"WebSite","@id":"https:\/\/operanatela.com\/2024\/#website","url":"https:\/\/operanatela.com\/2024\/","name":"\u00d3pera na tela 2024","description":"O Festival\u00a0\u00d3pera na Tela 2024 proporciona ao p\u00fablico a experi\u00eancia de assistir \u00e0s montagens mais grandiosas da \u00f3pera em tela gigante, com alta qualidade de som e imagem, cadeiras confort\u00e1veis e pre\u00e7os acess\u00edveis.","potentialAction":[{"@type":"SearchAction","target":{"@type":"EntryPoint","urlTemplate":"https:\/\/operanatela.com\/2024\/?s={search_term_string}"},"query-input":{"@type":"PropertyValueSpecification","valueRequired":true,"valueName":"search_term_string"}}],"inLanguage":"pt-BR"}]}},"_links":{"self":[{"href":"https:\/\/operanatela.com\/2024\/wp-json\/wp\/v2\/pages\/507","targetHints":{"allow":["GET"]}}],"collection":[{"href":"https:\/\/operanatela.com\/2024\/wp-json\/wp\/v2\/pages"}],"about":[{"href":"https:\/\/operanatela.com\/2024\/wp-json\/wp\/v2\/types\/page"}],"author":[{"embeddable":true,"href":"https:\/\/operanatela.com\/2024\/wp-json\/wp\/v2\/users\/1"}],"replies":[{"embeddable":true,"href":"https:\/\/operanatela.com\/2024\/wp-json\/wp\/v2\/comments?post=507"}],"version-history":[{"count":23,"href":"https:\/\/operanatela.com\/2024\/wp-json\/wp\/v2\/pages\/507\/revisions"}],"predecessor-version":[{"id":4604,"href":"https:\/\/operanatela.com\/2024\/wp-json\/wp\/v2\/pages\/507\/revisions\/4604"}],"wp:attachment":[{"href":"https:\/\/operanatela.com\/2024\/wp-json\/wp\/v2\/media?parent=507"}],"curies":[{"name":"wp","href":"https:\/\/api.w.org\/{rel}","templated":true}]}}